 n = -z*t + 295, 236 = 4*t - 2*n. Is t a multiple of 20?
False
Is 3 a factor of ((-1232)/35)/(-2) - (-4)/10?
True
Suppose 0 = 5*q + 2*v - 77, 2*q + 59 = 5*q - 2*v. Does 6 divide q?
False
Suppose 6 = -c - 0. Let a = 10 + c. Suppose -58 = -2*b - a. Is 12 a factor of b?
False
Let r = -137 + 265. Suppose 197 = 5*x - r. Does 13 divide x?
True
Let s(f) = f**2 - 5*f - 10. Let o be s(7). Suppose o*n - 4*g + 8 = 0, -n = -2*g + 3*g - 8. Does 3 divide n?
True
Let l be (-20)/6*6/(-5). Suppose -t + 6*q - 2*q = 8, q = 5*t - 17. Suppose -30 = -4*w - l*j + 46, -t*w + j = -86. Is w a multiple of 15?
False
Is 4/(-5)*(-675)/10 a multiple of 27?
True
Suppose -j - 810 = -5*t - 0*j, -4*j = -5*t + 810. Is 27 a factor of t?
True
Let o(i) = i**3 - i**2 - 3*i + 26. Is 8 a factor of o(0)?
False
Suppose 2*a + 1 = -1. Let s(c) = c**2 + 4*c - 3. Let y be s(-5). Is (1*a)/(y/(-10)) a multiple of 2?
False
Is (5 - (-296)/24)*6/4 a multiple of 8?
False
Suppose 0 = -3*q + 8*q - 375. Is 5 a factor of q?
True
Suppose 2*a = -2*b + 22, -3*a + 3*b + 9 = -0*a. Is a even?
False
Let b be (-1)/(-3) + 248/(-6). Let w be (-6)/(-3) - (b - 0). Let v = w - 26. Is 17 a factor of v?
True
Let u(g) = -g**3 + 6*g**2 - 3*g + 1. Suppose d - 14 = q + 2*q, 2*q = -8. Does 7 divide u(d)?
False
Suppose 3*j - 38 = u - j, 172 = -4*u - 4*j. Let b = 105 + u. Let a = b + -27. Does 13 divide a?
False
Is 22 a factor of (-60)/(-150) + 328/5?
True
Let i(f) = 3*f**3 + 3*f**2 + f + 1. Let n be i(-2). Let k = 5 + -25. Let z = n - k. Is 7 a factor of z?
True
Let p be (-9)/(2/(-10) + 0). Let q = 11 - 6. Suppose r + p = 5*c - 162, -q*c = 5*r - 195. Is 14 a factor of c?
False
Suppose 4*w + 82 + 122 = 0. Is 16 a factor of (w/(-6))/((-2)/(-12))?
False
Is (-2)/(-9) + 1612/117 a multiple of 7?
True
Suppose 0 = 3*g + 15 + 18. Let p(x) = -3*x - 15. Is 9 a factor of p(g)?
True
Suppose -4*a = -0*a - 424. Let l = a - 50. Is 20 a factor of l?
False
Let p = 23 - 20. Suppose 7 = p*m - 26. Is m a multiple of 11?
True
Let w(y) = 8*y**2 - 2*y + 1. Let a be w(1). Let u = a + -5. Does 15 divide (10/3)/(u/24)?
False
Let n(x) = x**3 - 5*x**2 - 7*x - 16. Is n(7) a multiple of 19?
False
Let v be (-3 + 4 - 2)/1. Is (7 + -25)*3/v a multiple of 18?
True
Let u be (-2)/(-3)*3 - 2. Suppose 9 = 3*j - u*j. Suppose -2*g + 4*y + 46 = 0, -14 - 1 = j*y. Is 5 a factor of g?
False
Suppose -4*a - 9 = 2*s - 105, a + 4 = 0. Is 28 a factor of s?
True
Suppose 0 = -j + 2*m + 23, -j - 5*m + 53 = 3*j. Suppose -23 - j = -v. Does 19 divide v?
False
Let l be ((-2)/(-2))/(4/(-116)). Let q = -15 - l. Let g = q - 8. Is 6 a factor of g?
True
Let i = -59 - -117. Is i a multiple of 29?
True
Suppose 3*c = -0*c + 36. Suppose 2*x - c = -x. Suppose 4*g + x*r - 85 = -r, 4*g = 3*r + 77. Is g a multiple of 20?
True
Is (-460)/(-36) + (-2)/(-9) a multiple of 8?
False
Suppose 10 - 1 = b. Let z be b/(-6)*(-3 + 1). Suppose -z*t + 66 = 9. Is t a multiple of 11?
False
Is 66 - 2/4*-4 a multiple of 11?
False
Suppose 3*k - 8*k = -j - 28, 26 = 4*k - 2*j. Suppose -2*z - 3*z + 41 = u, -k*u = 20. Let o(b) = -b**3 + 9*b**2 + b + 6. Is 15 a factor of o(z)?
True
Suppose -4*i + 4*l = 4, 0 = 4*i + 4*l - 18 - 10. Suppose n = 2*x - 18, 3*x - 9 = -i*n - 0. Is 2 a factor of x?
False
Suppose 0 = -4*o - 4*k + 12, 0 = 4*o - 8*o - k + 3. Suppose 0 = -j - 0 + 3. Suppose 0 = 4*r + 2*f - 14, o = 2*r + j*f - f - 2. Is 6 a factor of r?
True
Let n = 8 + -4. Suppose -d + n*d = 78. Is 13 a factor of d?
True
Let b = 140 - 98. Is b a multiple of 12?
False
Let j = -136 + 191. Is 21 a factor of j?
False
Suppose -44 = 2*y + 18. Let a = 57 + y. Does 9 divide a?
False
Let p(c) = 2*c + 1. Let f be p(-1). Let x(w) = w**2 - 3*w - 5. Let o be x(4). Is 4 a factor of f - (8/o - 1)?
True
Suppose -2*a + 0*a = -2, 3*a = 3*v - 72. Does 23 divide v?
False
Let y(r) = -2*r**3 - 20*r**2 - 7*r + 35. Does 4 divide y(-10)?
False
Let z(u) = -u - 2. Let p be z(-7). Let k(t) = t**3 - 3*t**2 - 5*t + 7. Is k(p) a multiple of 16?
True
Does 59 divide (-101)/(-2)*(-12)/(-1 + -1)?
False
Suppose 0*o - 5*o = 0, -2*o = 2*p + 20. Let b be (-26)/p + 2/5. Is 7 a factor of (-3 - b)*(-6)/4?
False
Let i = -28 + 54. Let w = -2 + i. Is w a multiple of 8?
True
Suppose -5*n + 142 = -3*l, 0 = 3*l + 6 + 6. Suppose 27 = 5*h + z - 7, -2*z = 4*h - n. Suppose -2*c - g + h = 0, 5*c - 4*c - g = 5. Does 2 divide c?
True
Suppose -7*r + 43 = -3*r - a, -4*r + 5*a = -55. Does 5 divide r?
True
Let z(n) be the first derivative of -n**2 - n - 2. Let l be z(-3). Suppose -l*o + 227 = 47. Is 18 a factor of o?
True
Let n = 77 + -45. Is n a multiple of 8?
True
Let w(n) = n**2 - 2*n - 1. Let q be w(0). Is 4 a factor of 10*(q - -1 - -1)?
False
Does 8 divide -2 - (-18 + 0 - (-10 - -13))?
False
Suppose 53 = 4*f + 1001. Is (2 + f/(-6))*2 a multiple of 18?
False
Suppose -11*b = -8*b - 4*j - 79, 124 = 4*b + 4*j. Is b even?
False
Let z be (0 + 4)*(-6)/(-12). Suppose -x + 4*x = j - 21, z*x = -5*j + 190. Is j a multiple of 15?
False
Let o(f) = f**2 - 2*f + 2. Let u be o(3). Suppose -105 = -u*n - 5*z, -5*z - 10 - 18 = -2*n. Does 9 divide n?
False
Let h(w) = -6*w. Let x = 4 + -6. Is 12 a factor of h(x)?
True
Suppose 2*d - 4*d + 32 = 0. Is d a multiple of 2?
True
Suppose 27 + 23 = 2*k. Does 25 divide k?
True
Let q be 3/(-3) - -31 - 0. Suppose r - q = -4*r. Is r a multiple of 6?
True
Let k = 151 - 54. Is k a multiple of 25?
False
Let r be (2/4)/((-4)/(-32)). Suppose q + 3*z = 4*q, -q + 10 = r*z. Does 2 divide q?
True
Is 13 a factor of 175 + 5 - (-1 - (-2)/(-2))?
True
Let u(x) = -x**3 + 8*x**2 - 2*x - 4. Is u(6) a multiple of 31?
False
Suppose -k + 3 = 0, -3*x - 4*k = -5*x - 8. Suppose -x*s - s = -60. Suppose l - 25 = s. Is 15 a factor of l?
True
Suppose 3*m - 5*m = -2*k - 46, -m - 3*k = -15. Is 6 a factor of m?
False
Does 19 divide (-8 - 6310/(-75)) + 4/(-30)?
True
Let t(d) = -9*d - 2. Let v = -2 + -2. Let k(w) = 5*w + 1. Let i(p) = v*t(p) - 7*k(p). Is 3 a factor of i(7)?
False
Suppose 2*n - 4 = 2. Suppose -39 = -n*j + 78. Is j a multiple of 13?
True
Suppose 0 = 2*y - s - 4*s - 4, 2*s = 0. Suppose y*p = -3*p + 25. Is p a multiple of 2?
False
Suppose -4*y + 58 + 2 = 0. Suppose 0 = -5*x - 0*x, -y = -n + 2*x. Does 4 divide n?
False
Let i(z) = -z + 18. Let o be i(13). Suppose 6 + 19 = o*l. Suppose l*u = 12 + 43. Is 8 a factor of u?
False
Let s(t) = t**2 - 3*t + 3. Let a be s(3). Let c(p) = p**2 + 2*p. Let y be c(a). Suppose -3 = 3*x - y, -x - 60 = -2*f. Is 15 a factor of f?
False
Suppose -6*l - 34 = -3*t - l, l - 10 = -5*t. Suppose -41 - 4 = -t*c. Is c a multiple of 5?
True
Suppose -3*m - 2*m + 64 = 3*a, m - 5*a - 24 = 0. Is 4 a factor of m?
False
Let s be 4/2*(-34)/(-1). Suppose 5*f - 12 = -2*r, -4*r = -3*f + 2*f - s. Does 16 divide r?
True
Let g = 5 + 10. Does 4 divide g + (-1 + 2)*-3?
True
Suppose -5*p - 7 = 18. Suppose -2*l = -4*l - 18. Let j = p - l. Is j a multiple of 4?
True
Let x(u) = 3*u**2 - 18*u + 35. Is x(11) a multiple of 15?
False
Let a(c) = 3*c - 6. Let f be a(8). Suppose 5*o - 47 - 43 = 4*m, 3*m - f = -o. Does 6 divide o?
True
Suppose 3*f + 3*w - 172 = 7*w, 0 = 3*w - 6. Is f a multiple of 10?
True
Let x(p) = p**2 - 4 + 10*p + 2 + 0*p**2. Does 11 divide x(-12)?
True
Let v be 2/6 - (-76)/6. Let w = v - 18. Is 2 a factor of w/(-1)*(0 - -1)?
False
Suppose -322 = -2*f - 106. Does 27 divide f?
True
Let c(a) = -6*a - 8. Let j(u) be the second derivative of -u**4/6 + u**3/3 - u**2 + 2*u. Let n be j(2). Does 14 divide c(n)?
True
Suppose 0 = 3*g + 3*l - 273, 0 = l + 2*l - 3. Suppose s = 3*s - g. Does 17 divide s?
False
Let o = -1 + 9. Let a(v) = v**3 - 9*v**2 + 8*v + 9. Does 4 divide a(o)?
False
Is 17 a factor of -1 - 35/(-45) - (-2110)/18?
False
Let m(q) = q**3 - 7*q**2 - 16*q + 22. Is m(10) a multiple of 30?
False
Let c(m) = m**3 + m + 42. Suppose 0*d - 3*d - 105 = 0. Let k be (-2)/(-7) - (-10)/d. Is c(k) a multiple of 18?
False
Suppose 3*l + 5 - 2 = 0. Let p = l + 1. Suppose 0 = -4*d + 2*h + 66, p = -0*d - d + 3*h + 19. Is d a multiple of 16?
True
Let b be (-15)/(-3) + 0 + -2. Suppose 0*u = -b*u + 66. Suppose -2*r + r + u = 0. Is r a multiple of 10?
False
Let n(k) = k + 9. Let g be n(-7). Suppose -5*l = 3*x - 143, -l - g*l = -3. Suppose 4*i + x = 3*j, -i + 11 = -j + 28. Is j a multiple of 11?
True
Suppose 0 = -r + 4*r - 96. Let q = r + -15. Is q a multiple of 6?
False
Let b = -34 -